{"id":32,"date":"2021-09-13T10:38:37","date_gmt":"2021-09-13T08:38:37","guid":{"rendered":"http:\/\/major-architektur.de\/?page_id=32"},"modified":"2026-05-01T21:22:51","modified_gmt":"2026-05-01T19:22:51","slug":"startseite","status":"publish","type":"page","link":"https:\/\/major-architektur.de\/","title":{"rendered":"Startseite"},"content":{"rendered":"<p>[et_pb_section fb_built=&#8220;1&#8243; _builder_version=&#8220;4.16&#8243; _module_preset=&#8220;default&#8220; z_index=&#8220;5&#8243; global_colors_info=&#8220;{}&#8220;][et_pb_row _builder_version=&#8220;4.16&#8243; _module_preset=&#8220;default&#8220; module_alignment=&#8220;center&#8220; custom_margin=&#8220;-14px||0px||false|false&#8220; custom_margin_tablet=&#8220;-50px||||false|false&#8220; custom_margin_phone=&#8220;&#8220; custom_margin_last_edited=&#8220;on|phone&#8220; custom_padding=&#8220;0px||0px||false|false&#8220; animation_style=&#8220;fade&#8220; animation_duration=&#8220;1600ms&#8220; animation_starting_opacity=&#8220;8%&#8220; border_color_all=&#8220;#E02B20&#8243; global_colors_info=&#8220;{}&#8220;][et_pb_column type=&#8220;4_4&#8243; _builder_version=&#8220;4.16&#8243; _module_preset=&#8220;default&#8220; global_colors_info=&#8220;{}&#8220;][et_pb_slider show_pagination=&#8220;off&#8220; _builder_version=&#8220;4.27.6&#8243; _module_preset=&#8220;default&#8220; header_font_size=&#8220;30px&#8220; text_orientation=&#8220;right&#8220; max_width=&#8220;1240px&#8220; min_height=&#8220;15vw&#8220; custom_margin=&#8220;-3px|0px||0px|false|false&#8220; custom_padding=&#8220;61.3%|0px|13px|0px|false|false&#8220; auto=&#8220;on&#8220; auto_speed=&#8220;5000&#8243; hover_enabled=&#8220;0&#8243; border_color_all=&#8220;#E09900&#8243; global_colors_info=&#8220;{}&#8220; sticky_enabled=&#8220;0&#8243;][et_pb_slide heading=&#8220;Haus S., L\u00f6wenstein&#8220; _builder_version=&#8220;4.16&#8243; _module_preset=&#8220;default&#8220; header_level=&#8220;h2&#8243; header_font=&#8220;||||||||&#8220; header_text_color=&#8220;#FFFFFF&#8220; header_font_size=&#8220;30px&#8220; background_image=&#8220;http:\/\/major-architektur.de\/wp-content\/uploads\/2021\/09\/1_Slider_Seu_01.jpg&#8220; background_enable_image=&#8220;on&#8220; global_colors_info=&#8220;{}&#8220; sticky_transition=&#8220;on&#8220;]<\/p>\n<p>Wohnhaus, privat<\/p>\n<p>[\/et_pb_slide][et_pb_slide heading=&#8220;Haus S., L\u00f6wenstein&#8220; _builder_version=&#8220;4.27.6&#8243; _module_preset=&#8220;default&#8220; header_font_size=&#8220;30px&#8220; background_image=&#8220;http:\/\/major-architektur.de\/wp-content\/uploads\/2021\/09\/2_Slider_Seu_02.jpg&#8220; background_enable_image=&#8220;on&#8220; global_colors_info=&#8220;{}&#8220; sticky_transition=&#8220;on&#8220;]<\/p>\n<p>Wohnhaus, privat<\/p>\n<p>[\/et_pb_slide][et_pb_slide heading=&#8220;Haus S., L\u00f6wenstein&#8220; _builder_version=&#8220;4.16&#8243; _module_preset=&#8220;default&#8220; header_font_size=&#8220;30px&#8220; background_image=&#8220;http:\/\/major-architektur.de\/wp-content\/uploads\/2021\/09\/3_Slider_Seu_03.jpg&#8220; background_enable_image=&#8220;on&#8220; global_colors_info=&#8220;{}&#8220; sticky_transition=&#8220;on&#8220;]<\/p>\n<p>Wohnhaus, privat<\/p>\n<p>[\/et_pb_slide][et_pb_slide heading=&#8220;Haus M., Wimsheim&#8220; _builder_version=&#8220;4.16&#8243; _module_preset=&#8220;default&#8220; header_font_size=&#8220;30px&#8220; background_image=&#8220;http:\/\/major-architektur.de\/wp-content\/uploads\/2021\/09\/4_Slider_Maj_01.jpg&#8220; background_enable_image=&#8220;on&#8220; global_colors_info=&#8220;{}&#8220; sticky_transition=&#8220;on&#8220;]<\/p>\n<p>Wohnhaus, privat<\/p>\n<p>[\/et_pb_slide][et_pb_slide heading=&#8220;Haus M., Wimsheim&#8220; _builder_version=&#8220;4.16&#8243; _module_preset=&#8220;default&#8220; background_image=&#8220;http:\/\/major-architektur.de\/wp-content\/uploads\/2021\/09\/5_Slider_Maj_02.jpg&#8220; background_enable_image=&#8220;on&#8220; global_colors_info=&#8220;{}&#8220; sticky_transition=&#8220;on&#8220;]<\/p>\n<p>Wohnhaus, privat<\/p>\n<p>[\/et_pb_slide][et_pb_slide heading=&#8220;Haus R., L\u00f6wenstein&#8220; _builder_version=&#8220;4.27.6&#8243; _module_preset=&#8220;default&#8220; background_image=&#8220;http:\/\/major-architektur.de\/wp-content\/uploads\/2021\/09\/6_Slider_Lui_01.jpg&#8220; background_enable_image=&#8220;on&#8220; global_colors_info=&#8220;{}&#8220; sticky_transition=&#8220;on&#8220;]<\/p>\n<p>Sanierung Wohnhaus, privat<\/p>\n<p>[\/et_pb_slide][et_pb_slide heading=&#8220;Haus R., L\u00f6wenstein&#8220; _builder_version=&#8220;4.27.6&#8243; _module_preset=&#8220;default&#8220; background_image=&#8220;http:\/\/major-architektur.de\/wp-content\/uploads\/2026\/05\/Richter_002.png&#8220; background_enable_image=&#8220;on&#8220; hover_enabled=&#8220;0&#8243; global_colors_info=&#8220;{}&#8220; sticky_transition=&#8220;on&#8220; title_text=&#8220;Richter_002&#8243; sticky_enabled=&#8220;0&#8243;]<\/p>\n<p>Sanierung Wohnhaus, privat<\/p>\n<p>[\/et_pb_slide][et_pb_slide heading=&#8220;Woschko Winlite GmbH, Weinsberg&#8220; _builder_version=&#8220;4.16&#8243; _module_preset=&#8220;default&#8220; background_image=&#8220;http:\/\/major-architektur.de\/wp-content\/uploads\/2021\/10\/001.jpg&#8220; background_enable_image=&#8220;on&#8220; global_colors_info=&#8220;{}&#8220; sticky_transition=&#8220;on&#8220;]<\/p>\n<p>Verwaltungsgeb\u00e4ude mit Produktionshalle<\/p>\n<p style=\"font-weight: 400;\">Fotograf: Gerhard Hagen Fotografie, Peuntstra\u00dfe 3, D-96050 Bamberg<\/p>\n<p>[\/et_pb_slide][et_pb_slide heading=&#8220;Woschko Winlite GmbH, Weinsberg&#8220; _builder_version=&#8220;4.16&#8243; _module_preset=&#8220;default&#8220; background_image=&#8220;http:\/\/major-architektur.de\/wp-content\/uploads\/2021\/10\/002.jpg&#8220; background_enable_image=&#8220;on&#8220; global_colors_info=&#8220;{}&#8220; sticky_transition=&#8220;on&#8220;]<\/p>\n<p>Verwaltungsgeb\u00e4ude mit Produktionshalle<\/p>\n<p>Fotograf: Gerhard Hagen Fotografie, Peuntstra\u00dfe 3, D-96050 Bamberg<\/p>\n<p>[\/et_pb_slide][et_pb_slide heading=&#8220;Woschko Winlite GmbH, Weinsberg&#8220; _builder_version=&#8220;4.27.6&#8243; _module_preset=&#8220;default&#8220; background_image=&#8220;http:\/\/major-architektur.de\/wp-content\/uploads\/2021\/09\/8_Slider_Wos_02.jpg&#8220; background_enable_image=&#8220;on&#8220; global_colors_info=&#8220;{}&#8220; sticky_transition=&#8220;on&#8220;]<\/p>\n<p>Verwaltungsgeb\u00e4ude mit Produktionshalle<\/p>\n<p>[\/et_pb_slide][et_pb_slide heading=&#8220;Haus S., H\u00f6slins\u00fclz&#8220; _builder_version=&#8220;4.27.6&#8243; _module_preset=&#8220;default&#8220; background_image=&#8220;http:\/\/major-architektur.de\/wp-content\/uploads\/2026\/05\/Seufer-Hoeslinsuelz_001.png&#8220; background_enable_image=&#8220;on&#8220; global_colors_info=&#8220;{}&#8220; sticky_transition=&#8220;on&#8220;]<\/p>\n<p>Wohnhaus, privat<\/p>\n<p>[\/et_pb_slide][et_pb_slide heading=&#8220;Haus S., H\u00f6slins\u00fclz&#8220; _builder_version=&#8220;4.27.6&#8243; _module_preset=&#8220;default&#8220; background_image=&#8220;http:\/\/major-architektur.de\/wp-content\/uploads\/2026\/05\/Seufer-Hoeslinsuelz_002.png&#8220; background_enable_image=&#8220;on&#8220; global_colors_info=&#8220;{}&#8220; sticky_transition=&#8220;on&#8220;]<\/p>\n<p>Wohnhaus, privat<\/p>\n<p>[\/et_pb_slide][et_pb_slide heading=&#8220;Haus S., H\u00f6slins\u00fclz&#8220; _builder_version=&#8220;4.27.6&#8243; _module_preset=&#8220;default&#8220; background_image=&#8220;http:\/\/major-architektur.de\/wp-content\/uploads\/2026\/05\/Seufer-Hoeslinsuelz_003.png&#8220; background_enable_image=&#8220;on&#8220; global_colors_info=&#8220;{}&#8220; sticky_transition=&#8220;on&#8220;]<\/p>\n<p>Wohnhaus, privat<\/p>\n<p>[\/et_pb_slide][et_pb_slide heading=&#8220;Haus P., Wimsheim&#8220; _builder_version=&#8220;4.27.6&#8243; _module_preset=&#8220;default&#8220; background_image=&#8220;http:\/\/major-architektur.de\/wp-content\/uploads\/2026\/05\/Palkowski_000.png&#8220; background_enable_image=&#8220;on&#8220; global_colors_info=&#8220;{}&#8220; sticky_transition=&#8220;on&#8220;]<\/p>\n<p>Wohnhaus, privat<\/p>\n<p>[\/et_pb_slide][et_pb_slide heading=&#8220;Haus P., Wimsheim&#8220; _builder_version=&#8220;4.27.6&#8243; _module_preset=&#8220;default&#8220; background_image=&#8220;http:\/\/major-architektur.de\/wp-content\/uploads\/2026\/05\/Palkowski-001.png&#8220; background_enable_image=&#8220;on&#8220; global_colors_info=&#8220;{}&#8220; sticky_transition=&#8220;on&#8220;]<\/p>\n<p>Wohnhaus, privat<\/p>\n<p>[\/et_pb_slide][et_pb_slide heading=&#8220;Haus P., Wimsheim&#8220; _builder_version=&#8220;4.27.6&#8243; _module_preset=&#8220;default&#8220; background_image=&#8220;http:\/\/major-architektur.de\/wp-content\/uploads\/2026\/05\/Palkowski_003.png&#8220; background_enable_image=&#8220;on&#8220; global_colors_info=&#8220;{}&#8220; sticky_transition=&#8220;on&#8220;]<\/p>\n<p>Wohnhaus, privat<\/p>\n<p>[\/et_pb_slide][et_pb_slide heading=&#8220;Haus H., Obersulm&#8220; _builder_version=&#8220;4.27.6&#8243; _module_preset=&#8220;default&#8220; background_image=&#8220;http:\/\/major-architektur.de\/wp-content\/uploads\/2026\/05\/Hohl_003.png&#8220; background_enable_image=&#8220;on&#8220; global_colors_info=&#8220;{}&#8220; sticky_transition=&#8220;on&#8220;]<\/p>\n<p>Wohnhaus, privat<\/p>\n<p>[\/et_pb_slide][et_pb_slide heading=&#8220;Haus H., Obersulm&#8220; _builder_version=&#8220;4.27.6&#8243; _module_preset=&#8220;default&#8220; background_image=&#8220;http:\/\/major-architektur.de\/wp-content\/uploads\/2026\/05\/Hohl_004.png&#8220; background_enable_image=&#8220;on&#8220; global_colors_info=&#8220;{}&#8220; sticky_transition=&#8220;on&#8220;]<\/p>\n<p>Wohnhaus, privat<\/p>\n<p>[\/et_pb_slide][\/et_pb_slider][\/et_pb_column][\/et_pb_row][\/et_pb_section]<\/p>\n","protected":false},"excerpt":{"rendered":"<p>Wohnhaus, privatWohnhaus, privatWohnhaus, privatWohnhaus, privatWohnhaus, privatSanierung Wohnhaus, privatSanierung Wohnhaus, privatVerwaltungsgeb\u00e4ude mit Produktionshalle Fotograf: Gerhard Hagen Fotografie, Peuntstra\u00dfe 3, D-96050 BambergVerwaltungsgeb\u00e4ude mit Produktionshalle Fotograf: Gerhard Hagen Fotografie, Peuntstra\u00dfe 3, D-96050 BambergVerwaltungsgeb\u00e4ude mit ProduktionshalleWohnhaus, privatWohnhaus, privatWohnhaus, privatWohnhaus, privatWohnhaus, privatWohnhaus, privatWohnhaus, privatWohnhaus, privat<\/p>\n","protected":false},"author":2,"featured_media":0,"parent":0,"menu_order":0,"comment_status":"closed","ping_status":"closed","template":"","meta":{"_et_pb_use_builder":"on","_et_pb_old_content":"","_et_gb_content_width":"","footnotes":""},"class_list":["post-32","page","type-page","status-publish","hentry"],"_links":{"self":[{"href":"https:\/\/major-architektur.de\/index.php\/wp-json\/wp\/v2\/pages\/32","targetHints":{"allow":["GET"]}}],"collection":[{"href":"https:\/\/major-architektur.de\/index.php\/wp-json\/wp\/v2\/pages"}],"about":[{"href":"https:\/\/major-architektur.de\/index.php\/wp-json\/wp\/v2\/types\/page"}],"author":[{"embeddable":true,"href":"https:\/\/major-architektur.de\/index.php\/wp-json\/wp\/v2\/users\/2"}],"replies":[{"embeddable":true,"href":"https:\/\/major-architektur.de\/index.php\/wp-json\/wp\/v2\/comments?post=32"}],"version-history":[{"count":103,"href":"https:\/\/major-architektur.de\/index.php\/wp-json\/wp\/v2\/pages\/32\/revisions"}],"predecessor-version":[{"id":1207,"href":"https:\/\/major-architektur.de\/index.php\/wp-json\/wp\/v2\/pages\/32\/revisions\/1207"}],"wp:attachment":[{"href":"https:\/\/major-architektur.de\/index.php\/wp-json\/wp\/v2\/media?parent=32"}],"curies":[{"name":"wp","href":"https:\/\/api.w.org\/{rel}","templated":true}]}}

<p>[et_pb_section fb_built=&#8220;1&#8243; _builder_version=&#8220;4.16&#8243; _module_preset=&#8220;default&#8220; z_index=&#8220;5&#8243; global_colors_info=&#8220;{}&#8220;][et_pb_row _builder_version=&#8220;4.16&#8243; _module_preset=&#8220;default&#8220; module_alignment=&#8220;center&#8220; custom_margin=&#8220;-14px||0px||false|false&#8220; custom_margin_tablet=&#8220;-50px||||false|false&#8220; custom_margin_phone=&#8220;&#8220; custom_margin_last_edited=&#8220;on|phone&#8220; custom_padding=&#8220;0px||0px||false|false&#8220; animation_style=&#8220;fade&#8220; animation_duration=&#8220;1600ms&#8220; animation_starting_opacity=&#8220;8%&#8220; border_color_all=&#8220;#E02B20&#8243; global_colors_info=&#8220;{}&#8220;][et_pb_column type=&#8220;4_4&#8243; _builder_version=&#8220;4.16&#8243; _module_preset=&#8220;default&#8220; global_colors_info=&#8220;{}&#8220;][et_pb_slider show_pagination=&#8220;off&#8220; _builder_version=&#8220;4.27.6&#8243; _module_preset=&#8220;default&#8220; header_font_size=&#8220;30px&#8220; text_orientation=&#8220;right&#8220; max_width=&#8220;1240px&#8220; min_height=&#8220;15vw&#8220; custom_margin=&#8220;-3px|0px||0px|false|false&#8220; custom_padding=&#8220;61.3%|0px|13px|0px|false|false&#8220; auto=&#8220;on&#8220; auto_speed=&#8220;5000&#8243; hover_enabled=&#8220;0&#8243; border_color_all=&#8220;#E09900&#8243; global_colors_info=&#8220;{}&#8220; sticky_enabled=&#8220;0&#8243;][et_pb_slide heading=&#8220;Haus S., Löwenstein&#8220; _builder_version=&#8220;4.16&#8243; _module_preset=&#8220;default&#8220; header_level=&#8220;h2&#8243; header_font=&#8220;||||||||&#8220; header_text_color=&#8220;#FFFFFF&#8220; header_font_size=&#8220;30px&#8220; background_image=&#8220;http://major-architektur.de/wp-content/uploads/2021/09/1_Slider_Seu_01.jpg&#8220; background_enable_image=&#8220;on&#8220; global_colors_info=&#8220;{}&#8220; sticky_transition=&#8220;on&#8220;]</p>
<p>Wohnhaus, privat</p>
<p>[/et_pb_slide][et_pb_slide heading=&#8220;Haus S., Löwenstein&#8220; _builder_version=&#8220;4.27.6&#8243; _module_preset=&#8220;default&#8220; header_font_size=&#8220;30px&#8220; background_image=&#8220;http://major-architektur.de/wp-content/uploads/2021/09/2_Slider_Seu_02.jpg&#8220; background_enable_image=&#8220;on&#8220; global_colors_info=&#8220;{}&#8220; sticky_transition=&#8220;on&#8220;]</p>
<p>Wohnhaus, privat</p>
<p>[/et_pb_slide][et_pb_slide heading=&#8220;Haus S., Löwenstein&#8220; _builder_version=&#8220;4.16&#8243; _module_preset=&#8220;default&#8220; header_font_size=&#8220;30px&#8220; background_image=&#8220;http://major-architektur.de/wp-content/uploads/2021/09/3_Slider_Seu_03.jpg&#8220; background_enable_image=&#8220;on&#8220; global_colors_info=&#8220;{}&#8220; sticky_transition=&#8220;on&#8220;]</p>
<p>Wohnhaus, privat</p>
<p>[/et_pb_slide][et_pb_slide heading=&#8220;Haus M., Wimsheim&#8220; _builder_version=&#8220;4.16&#8243; _module_preset=&#8220;default&#8220; header_font_size=&#8220;30px&#8220; background_image=&#8220;http://major-architektur.de/wp-content/uploads/2021/09/4_Slider_Maj_01.jpg&#8220; background_enable_image=&#8220;on&#8220; global_colors_info=&#8220;{}&#8220; sticky_transition=&#8220;on&#8220;]</p>
<p>Wohnhaus, privat</p>
<p>[/et_pb_slide][et_pb_slide heading=&#8220;Haus M., Wimsheim&#8220; _builder_version=&#8220;4.16&#8243; _module_preset=&#8220;default&#8220; background_image=&#8220;http://major-architektur.de/wp-content/uploads/2021/09/5_Slider_Maj_02.jpg&#8220; background_enable_image=&#8220;on&#8220; global_colors_info=&#8220;{}&#8220; sticky_transition=&#8220;on&#8220;]</p>
<p>Wohnhaus, privat</p>
<p>[/et_pb_slide][et_pb_slide heading=&#8220;Haus R., Löwenstein&#8220; _builder_version=&#8220;4.27.6&#8243; _module_preset=&#8220;default&#8220; background_image=&#8220;http://major-architektur.de/wp-content/uploads/2021/09/6_Slider_Lui_01.jpg&#8220; background_enable_image=&#8220;on&#8220; global_colors_info=&#8220;{}&#8220; sticky_transition=&#8220;on&#8220;]</p>
<p>Sanierung Wohnhaus, privat</p>
<p>[/et_pb_slide][et_pb_slide heading=&#8220;Haus R., Löwenstein&#8220; _builder_version=&#8220;4.27.6&#8243; _module_preset=&#8220;default&#8220; background_image=&#8220;http://major-architektur.de/wp-content/uploads/2026/05/Richter_002.png&#8220; background_enable_image=&#8220;on&#8220; hover_enabled=&#8220;0&#8243; global_colors_info=&#8220;{}&#8220; sticky_transition=&#8220;on&#8220; title_text=&#8220;Richter_002&#8243; sticky_enabled=&#8220;0&#8243;]</p>
<p>Sanierung Wohnhaus, privat</p>
<p>[/et_pb_slide][et_pb_slide heading=&#8220;Woschko Winlite GmbH, Weinsberg&#8220; _builder_version=&#8220;4.16&#8243; _module_preset=&#8220;default&#8220; background_image=&#8220;http://major-architektur.de/wp-content/uploads/2021/10/001.jpg&#8220; background_enable_image=&#8220;on&#8220; global_colors_info=&#8220;{}&#8220; sticky_transition=&#8220;on&#8220;]</p>
<p>Verwaltungsgebäude mit Produktionshalle</p>
<p style="font-weight: 400;">Fotograf: Gerhard Hagen Fotografie, Peuntstraße 3, D-96050 Bamberg</p>
<p>[/et_pb_slide][et_pb_slide heading=&#8220;Woschko Winlite GmbH, Weinsberg&#8220; _builder_version=&#8220;4.16&#8243; _module_preset=&#8220;default&#8220; background_image=&#8220;http://major-architektur.de/wp-content/uploads/2021/10/002.jpg&#8220; background_enable_image=&#8220;on&#8220; global_colors_info=&#8220;{}&#8220; sticky_transition=&#8220;on&#8220;]</p>
<p>Verwaltungsgebäude mit Produktionshalle</p>
<p>Fotograf: Gerhard Hagen Fotografie, Peuntstraße 3, D-96050 Bamberg</p>
<p>[/et_pb_slide][et_pb_slide heading=&#8220;Woschko Winlite GmbH, Weinsberg&#8220; _builder_version=&#8220;4.27.6&#8243; _module_preset=&#8220;default&#8220; background_image=&#8220;http://major-architektur.de/wp-content/uploads/2021/09/8_Slider_Wos_02.jpg&#8220; background_enable_image=&#8220;on&#8220; global_colors_info=&#8220;{}&#8220; sticky_transition=&#8220;on&#8220;]</p>
<p>Verwaltungsgebäude mit Produktionshalle</p>
<p>[/et_pb_slide][et_pb_slide heading=&#8220;Haus S., Höslinsülz&#8220; _builder_version=&#8220;4.27.6&#8243; _module_preset=&#8220;default&#8220; background_image=&#8220;http://major-architektur.de/wp-content/uploads/2026/05/Seufer-Hoeslinsuelz_001.png&#8220; background_enable_image=&#8220;on&#8220; global_colors_info=&#8220;{}&#8220; sticky_transition=&#8220;on&#8220;]</p>
<p>Wohnhaus, privat</p>
<p>[/et_pb_slide][et_pb_slide heading=&#8220;Haus S., Höslinsülz&#8220; _builder_version=&#8220;4.27.6&#8243; _module_preset=&#8220;default&#8220; background_image=&#8220;http://major-architektur.de/wp-content/uploads/2026/05/Seufer-Hoeslinsuelz_002.png&#8220; background_enable_image=&#8220;on&#8220; global_colors_info=&#8220;{}&#8220; sticky_transition=&#8220;on&#8220;]</p>
<p>Wohnhaus, privat</p>
<p>[/et_pb_slide][et_pb_slide heading=&#8220;Haus S., Höslinsülz&#8220; _builder_version=&#8220;4.27.6&#8243; _module_preset=&#8220;default&#8220; background_image=&#8220;http://major-architektur.de/wp-content/uploads/2026/05/Seufer-Hoeslinsuelz_003.png&#8220; background_enable_image=&#8220;on&#8220; global_colors_info=&#8220;{}&#8220; sticky_transition=&#8220;on&#8220;]</p>
<p>Wohnhaus, privat</p>
<p>[/et_pb_slide][et_pb_slide heading=&#8220;Haus P., Wimsheim&#8220; _builder_version=&#8220;4.27.6&#8243; _module_preset=&#8220;default&#8220; background_image=&#8220;http://major-architektur.de/wp-content/uploads/2026/05/Palkowski_000.png&#8220; background_enable_image=&#8220;on&#8220; global_colors_info=&#8220;{}&#8220; sticky_transition=&#8220;on&#8220;]</p>
<p>Wohnhaus, privat</p>
<p>[/et_pb_slide][et_pb_slide heading=&#8220;Haus P., Wimsheim&#8220; _builder_version=&#8220;4.27.6&#8243; _module_preset=&#8220;default&#8220; background_image=&#8220;http://major-architektur.de/wp-content/uploads/2026/05/Palkowski-001.png&#8220; background_enable_image=&#8220;on&#8220; global_colors_info=&#8220;{}&#8220; sticky_transition=&#8220;on&#8220;]</p>
<p>Wohnhaus, privat</p>
<p>[/et_pb_slide][et_pb_slide heading=&#8220;Haus P., Wimsheim&#8220; _builder_version=&#8220;4.27.6&#8243; _module_preset=&#8220;default&#8220; background_image=&#8220;http://major-architektur.de/wp-content/uploads/2026/05/Palkowski_003.png&#8220; background_enable_image=&#8220;on&#8220; global_colors_info=&#8220;{}&#8220; sticky_transition=&#8220;on&#8220;]</p>
<p>Wohnhaus, privat</p>
<p>[/et_pb_slide][et_pb_slide heading=&#8220;Haus H., Obersulm&#8220; _builder_version=&#8220;4.27.6&#8243; _module_preset=&#8220;default&#8220; background_image=&#8220;http://major-architektur.de/wp-content/uploads/2026/05/Hohl_003.png&#8220; background_enable_image=&#8220;on&#8220; global_colors_info=&#8220;{}&#8220; sticky_transition=&#8220;on&#8220;]</p>
<p>Wohnhaus, privat</p>
<p>[/et_pb_slide][et_pb_slide heading=&#8220;Haus H., Obersulm&#8220; _builder_version=&#8220;4.27.6&#8243; _module_preset=&#8220;default&#8220; background_image=&#8220;http://major-architektur.de/wp-content/uploads/2026/05/Hohl_004.png&#8220; background_enable_image=&#8220;on&#8220; global_colors_info=&#8220;{}&#8220; sticky_transition=&#8220;on&#8220;]</p>
<p>Wohnhaus, privat</p>
<p>[/et_pb_slide][/et_pb_slider][/et_pb_column][/et_pb_row][/et_pb_section]</p>

<p>Wohnhaus, privatWohnhaus, privatWohnhaus, privatWohnhaus, privatWohnhaus, privatSanierung Wohnhaus, privatSanierung Wohnhaus, privatVerwaltungsgebäude mit Produktionshalle Fotograf: Gerhard Hagen Fotografie, Peuntstraße 3, D-96050 BambergVerwaltungsgebäude mit Produktionshalle Fotograf: Gerhard Hagen Fotografie, Peuntstraße 3, D-96050 BambergVerwaltungsgebäude mit ProduktionshalleWohnhaus, privatWohnhaus, privatWohnhaus, privatWohnhaus, privatWohnhaus, privatWohnhaus, privatWohnhaus, privatWohnhaus, privat</p>
