{"id":107,"date":"2021-09-17T10:35:31","date_gmt":"2021-09-17T08:35:31","guid":{"rendered":"http:\/\/major-architektur.de\/?page_id=107"},"modified":"2026-04-23T11:22:20","modified_gmt":"2026-04-23T09:22:20","slug":"impressum","status":"publish","type":"page","link":"https:\/\/major-architektur.de\/index.php\/startseite\/impressum\/","title":{"rendered":"Impressum"},"content":{"rendered":"<p>[et_pb_section fb_built=&#8220;1&#8243; _builder_version=&#8220;4.27.6&#8243; _module_preset=&#8220;default&#8220; global_colors_info=&#8220;{}&#8220;][et_pb_row _builder_version=&#8220;4.27.6&#8243; _module_preset=&#8220;default&#8220; global_colors_info=&#8220;{}&#8220;][et_pb_column type=&#8220;4_4&#8243; _builder_version=&#8220;4.27.6&#8243; _module_preset=&#8220;default&#8220; global_colors_info=&#8220;{}&#8220;][et_pb_text _builder_version=&#8220;4.27.6&#8243; _module_preset=&#8220;default&#8220; global_colors_info=&#8220;{}&#8220;]<\/p>\n<h1><span style=\"color: #000000;\">Impressum<\/span><\/h1>\n<p><span style=\"color: #000000;\">Markus Major,\u00a0M.A. freier Architekt<\/span><\/p>\n<p><span style=\"color: #000000;\">Scheibbser Str. 2\/2<\/span><\/p>\n<p><span style=\"color: #000000;\">71277 Rutesheim<\/span><\/p>\n<p><span style=\"color: #000000;\">Tel.: 0151\/62456479<\/span><\/p>\n<p><span style=\"color: #000000;\">E-Mail:\u00a0<a href=\"mailto:kontakt@major-architektur.de\" style=\"color: #000000;\">kontakt@major-architektur.de<\/a><\/span><\/p>\n<p><span style=\"color: #000000;\">Website:\u00a0<a href=\"http:\/\/www.major-architektur.de\/\" style=\"color: #000000;\">www.major-architektur.de<\/a>\u00a0<\/span><\/p>\n<p><span style=\"font-family: inherit; color: #000000;\">Ich bin nicht bereit oder verpflichtet, an Streitbeilegungsverfahren vor einer Verbraucherschlichtungsstelle teilzunehmen.<\/span><\/p>\n<h4 class=\"western\"><span style=\"font-family: inherit; color: #000000;\">USt-IdNr:<\/span><\/h4>\n<p><span style=\"font-size: small; color: #000000;\">DE348510564<\/span><\/p>\n<h4 class=\"western\"><span style=\"text-decoration: underline;\"><span style=\"color: #000000; text-decoration: underline;\">R<span style=\"font-family: inherit;\">ealisierung:<\/span><\/span><\/span><\/h4>\n<p><span style=\"color: #000000;\"><span style=\"font-family: inherit;\">dieefi GmbH, Heerweg 15 A1, 73770 Denke<\/span><span style=\"font-family: inherit;\">ndorf, <a href=\"http:\/\/www.die-efi.de\/\" style=\"color: #000000;\">www.die-efi.de<\/a><\/span><\/span><\/p>\n<p><span style=\"font-size: small;\"><span style=\"color: #000000;\"><span style=\"font-family: inherit;\">Quellenangaben f\u00fcr verwende<\/span>te Bilder @ Grafiken: <\/span><span style=\"color: #000000;\">Wie angegeben oder eigenes Bildmaterial.<\/span><\/span><\/p>\n<h4 class=\"western\"><span style=\"text-decoration: underline;\"><span style=\"color: #000000; text-decoration: underline;\">Haftungsausschluss \u2013 Disclaimer:<\/span><\/span><\/h4>\n<h4 class=\"western\"><span style=\"text-decoration: underline;\"><span style=\"color: #000000; text-decoration: underline;\">Haftung f\u00fcr Inhalte<\/span><\/span><\/h4>\n<p><span style=\"color: #000000;\">Alle Inhalte dieses Internetauftritts wurden mit gr\u00f6\u00dfter Sorgfalt und nach bestem Gewissen erstellt. F\u00fcr die Richtigkeit, Vollst\u00e4ndigkeit und Aktualit\u00e4t der Inhalte k\u00f6nnen wir jedoch keine Gew\u00e4hr \u00fcbernehmen. Als Diensteanbieter sind wir gem\u00e4\u00df \u00a7 7 Abs.1 TMG f\u00fcr eigene Inhalte auf diesen Seiten nach den allgemeinen Gesetzen verantwortlich. Nach \u00a7\u00a7 8 bis 10 TMG sind wir als Diensteanbieter jedoch nicht verpflichtet, \u00fcbermittelte oder gespeicherte fremde Informationen zu \u00fcberwachen oder nach Umst\u00e4nden zu forschen, die auf eine rechtswidrige T\u00e4tigkeit hinweisen. Verpflichtungen zur Entfernung oder Sperrung der Nutzung von Informationen nach den allgemeinen Gesetzen bleiben hiervon unber\u00fchrt. <span style=\"font-size: small;\">Eine diesbez\u00fcgliche Haftung ist jedoch erst ab dem Zeitpunkt der Kenntniserlangung einer konkreten Rechtsverletzung m\u00f6glich. Bei Bekanntwerden von den o.g. Rechtsverletzungen werden wir diese Inhalte unverz\u00fcglich entfernen.<\/span><\/span><\/p>\n<h4 class=\"western\"><span style=\"color: #000000;\"><u>Haftungsbeschr\u00e4nkung f\u00fcr externe Links<\/u><u><\/u><\/span><\/h4>\n<p><span style=\"font-size: small; color: #000000;\">Diese Webseite enth\u00e4lt Links auf externe Webseiten Dritter. Auf die Inhalte dieser direkt oder indirekt verlinkten Webseiten haben wir keinen Einfluss. Daher k\u00f6nnen wir f\u00fcr die \u201eexternen Links\u201c auch keine Gew\u00e4hr auf Richtigkeit der Inhalte \u00fcbernehmen. F\u00fcr die Inhalte der externen Links sind die jeweiligen Anbieter oder Betreiber (Urheber) der Seiten verantwortlich. Die externen Links wurden zum Zeitpunkt der Linksetzung auf eventuelle Rechtsverst\u00f6\u00dfe \u00fcberpr\u00fcft und waren im Zeitpunkt der Linksetzung frei von rechtswidrigen Inhalten. Eine st\u00e4ndige inhaltliche \u00dcberpr\u00fcfung der externen Links ist ohne konkrete Anhaltspunkte einer Rechtsverletzung nicht m\u00f6glich. Bei direkten oder indirekten Verlinkungen auf die Webseiten Dritter, die au\u00dferhalb unseres Verantwortungsbereichs liegt, w\u00fcrde eine Haftungsverpflichtung ausschlie\u00dflich in dem Fall nur bestehen, wenn wir von den Inhalten Kenntnis erlangen und es uns technisch m\u00f6glich und zumutbar ist, die Nutzung im Falle rechtswidriger Inhalte zu verhindern. Werden uns Rechtsverletzungen bekannt, werden die externen Links durch uns unverz\u00fcglich entfernt.<\/span><\/p>\n<h4 class=\"western\"><span style=\"color: #000000;\"><u>Urheberrecht<\/u><\/span><\/h4>\n<p><span style=\"color: #000000;\"><span style=\"font-size: small;\">Die auf unserer Webseite ver\u00f6ffentlichen Inhalte und Werke unterliegen dem deutschen Urheberrecht (<\/span><a href=\"http:\/\/www.gesetze-im-internet.de\/bundesrecht\/urhg\/gesamt.pdf\" target=\"_blank\" rel=\"noopener\" style=\"color: #000000;\"><span style=\"font-size: small;\">http:\/\/www.gesetze-im-internet.de\/bundesrecht\/urhg\/gesamt.pdf<\/span><\/a><span style=\"font-size: small;\">) . Die Vervielf\u00e4ltigung, Bearbeitung, Verbreitung und jede Art der Verwertung des geistigen Eigentums in ideeller und materieller Sicht des Urhebers au\u00dferhalb der Grenzen des Urheberrechtes bed\u00fcrfen der vorherigen schriftlichen Zustimmung des jeweiligen Urhebers i.S.d. Urhebergesetzes (<\/span><a href=\"http:\/\/www.gesetze-im-internet.de\/bundesrecht\/urhg\/gesamt.pdf\" target=\"_blank\" rel=\"noopener\" style=\"color: #000000;\"><span style=\"font-size: small;\">http:\/\/www.gesetze-im-internet.de\/bundesrecht\/urhg\/gesamt.pdf<\/span><\/a> <span style=\"font-size: small;\">). Downloads und Kopien dieser Seite sind nur f\u00fcr den privaten und nicht kommerziellen Gebrauch erlaubt. Sind die Inhalte auf unserer Webseite nicht von uns erstellt worden, sind die Urheberrechte Dritter zu beachten. Die Inhalte Dritter werden als solche kenntlich gemacht. Sollten Sie trotzdem auf eine Urheberrechtsverletzung aufmerksam werden, bitten wir um einen entsprechenden Hinweis. Bei Bekanntwerden von Rechtsverletzungen werde ich derartige Inhalte unverz\u00fcglich entfernen.<\/span><\/span><\/p>\n<p>&nbsp;<\/p>\n<p>[\/et_pb_text][\/et_pb_column][\/et_pb_row][\/et_pb_section]<\/p>\n","protected":false},"excerpt":{"rendered":"<p>Impressum Markus Major,\u00a0M.A. freier Architekt Scheibbser Str. 2\/2 71277 Rutesheim Tel.: 0151\/62456479 E-Mail:\u00a0kontakt@major-architektur.de Website:\u00a0www.major-architektur.de\u00a0 Ich bin nicht bereit oder verpflichtet, an Streitbeilegungsverfahren vor einer Verbraucherschlichtungsstelle teilzunehmen. USt-IdNr: DE348510564 Realisierung: dieefi GmbH, Heerweg 15 A1, 73770 Denkendorf, www.die-efi.de Quellenangaben f\u00fcr verwendete Bilder @ Grafiken: Wie angegeben oder eigenes Bildmaterial. Haftungsausschluss \u2013 Disclaimer: Haftung f\u00fcr Inhalte Alle [&hellip;]<\/p>\n","protected":false},"author":1,"featured_media":0,"parent":32,"menu_order":0,"comment_status":"closed","ping_status":"closed","template":"","meta":{"_et_pb_use_builder":"on","_et_pb_old_content":"","_et_gb_content_width":"","footnotes":""},"class_list":["post-107","page","type-page","status-publish","hentry"],"_links":{"self":[{"href":"https:\/\/major-architektur.de\/index.php\/wp-json\/wp\/v2\/pages\/107","targetHints":{"allow":["GET"]}}],"collection":[{"href":"https:\/\/major-architektur.de\/index.php\/wp-json\/wp\/v2\/pages"}],"about":[{"href":"https:\/\/major-architektur.de\/index.php\/wp-json\/wp\/v2\/types\/page"}],"author":[{"embeddable":true,"href":"https:\/\/major-architektur.de\/index.php\/wp-json\/wp\/v2\/users\/1"}],"replies":[{"embeddable":true,"href":"https:\/\/major-architektur.de\/index.php\/wp-json\/wp\/v2\/comments?post=107"}],"version-history":[{"count":29,"href":"https:\/\/major-architektur.de\/index.php\/wp-json\/wp\/v2\/pages\/107\/revisions"}],"predecessor-version":[{"id":1128,"href":"https:\/\/major-architektur.de\/index.php\/wp-json\/wp\/v2\/pages\/107\/revisions\/1128"}],"up":[{"embeddable":true,"href":"https:\/\/major-architektur.de\/index.php\/wp-json\/wp\/v2\/pages\/32"}],"wp:attachment":[{"href":"https:\/\/major-architektur.de\/index.php\/wp-json\/wp\/v2\/media?parent=107"}],"curies":[{"name":"wp","href":"https:\/\/api.w.org\/{rel}","templated":true}]}}

<p>[et_pb_section fb_built=&#8220;1&#8243; _builder_version=&#8220;4.27.6&#8243; _module_preset=&#8220;default&#8220; global_colors_info=&#8220;{}&#8220;][et_pb_row _builder_version=&#8220;4.27.6&#8243; _module_preset=&#8220;default&#8220; global_colors_info=&#8220;{}&#8220;][et_pb_column type=&#8220;4_4&#8243; _builder_version=&#8220;4.27.6&#8243; _module_preset=&#8220;default&#8220; global_colors_info=&#8220;{}&#8220;][et_pb_text _builder_version=&#8220;4.27.6&#8243; _module_preset=&#8220;default&#8220; global_colors_info=&#8220;{}&#8220;]</p>
<h1><span style="color: #000000;">Impressum</span></h1>
<p><span style="color: #000000;">Markus Major, M.A. freier Architekt</span></p>
<p><span style="color: #000000;">Scheibbser Str. 2/2</span></p>
<p><span style="color: #000000;">71277 Rutesheim</span></p>
<p><span style="color: #000000;">Tel.: 0151/62456479</span></p>
<p><span style="color: #000000;">E-Mail: <a href="mailto:kontakt@major-architektur.de" style="color: #000000;">kontakt@major-architektur.de</a></span></p>
<p><span style="color: #000000;">Website: <a href="http://www.major-architektur.de/" style="color: #000000;">www.major-architektur.de</a> </span></p>
<p><span style="font-family: inherit; color: #000000;">Ich bin nicht bereit oder verpflichtet, an Streitbeilegungsverfahren vor einer Verbraucherschlichtungsstelle teilzunehmen.</span></p>
<h4 class="western"><span style="font-family: inherit; color: #000000;">USt-IdNr:</span></h4>
<p><span style="font-size: small; color: #000000;">DE348510564</span></p>
<h4 class="western"><span style="text-decoration: underline;"><span style="color: #000000; text-decoration: underline;">R<span style="font-family: inherit;">ealisierung:</span></span></span></h4>
<p><span style="color: #000000;"><span style="font-family: inherit;">dieefi GmbH, Heerweg 15 A1, 73770 Denke</span><span style="font-family: inherit;">ndorf, <a href="http://www.die-efi.de/" style="color: #000000;">www.die-efi.de</a></span></span></p>
<p><span style="font-size: small;"><span style="color: #000000;"><span style="font-family: inherit;">Quellenangaben für verwende</span>te Bilder @ Grafiken: </span><span style="color: #000000;">Wie angegeben oder eigenes Bildmaterial.</span></span></p>
<h4 class="western"><span style="text-decoration: underline;"><span style="color: #000000; text-decoration: underline;">Haftungsausschluss – Disclaimer:</span></span></h4>
<h4 class="western"><span style="text-decoration: underline;"><span style="color: #000000; text-decoration: underline;">Haftung für Inhalte</span></span></h4>
<p><span style="color: #000000;">Alle Inhalte dieses Internetauftritts wurden mit größter Sorgfalt und nach bestem Gewissen erstellt. Für die Richtigkeit, Vollständigkeit und Aktualität der Inhalte können wir jedoch keine Gewähr übernehmen. Als Diensteanbieter sind wir gemäß § 7 Abs.1 TMG für eigene Inhalte auf diesen Seiten nach den allgemeinen Gesetzen verantwortlich. Nach §§ 8 bis 10 TMG sind wir als Diensteanbieter jedoch nicht verpflichtet, übermittelte oder gespeicherte fremde Informationen zu überwachen oder nach Umständen zu forschen, die auf eine rechtswidrige Tätigkeit hinweisen. Verpflichtungen zur Entfernung oder Sperrung der Nutzung von Informationen nach den allgemeinen Gesetzen bleiben hiervon unberührt. <span style="font-size: small;">Eine diesbezügliche Haftung ist jedoch erst ab dem Zeitpunkt der Kenntniserlangung einer konkreten Rechtsverletzung möglich. Bei Bekanntwerden von den o.g. Rechtsverletzungen werden wir diese Inhalte unverzüglich entfernen.</span></span></p>
<h4 class="western"><span style="color: #000000;"><u>Haftungsbeschränkung für externe Links</u><u></u></span></h4>
<p><span style="font-size: small; color: #000000;">Diese Webseite enthält Links auf externe Webseiten Dritter. Auf die Inhalte dieser direkt oder indirekt verlinkten Webseiten haben wir keinen Einfluss. Daher können wir für die „externen Links“ auch keine Gewähr auf Richtigkeit der Inhalte übernehmen. Für die Inhalte der externen Links sind die jeweiligen Anbieter oder Betreiber (Urheber) der Seiten verantwortlich. Die externen Links wurden zum Zeitpunkt der Linksetzung auf eventuelle Rechtsverstöße überprüft und waren im Zeitpunkt der Linksetzung frei von rechtswidrigen Inhalten. Eine ständige inhaltliche Überprüfung der externen Links ist ohne konkrete Anhaltspunkte einer Rechtsverletzung nicht möglich. Bei direkten oder indirekten Verlinkungen auf die Webseiten Dritter, die außerhalb unseres Verantwortungsbereichs liegt, würde eine Haftungsverpflichtung ausschließlich in dem Fall nur bestehen, wenn wir von den Inhalten Kenntnis erlangen und es uns technisch möglich und zumutbar ist, die Nutzung im Falle rechtswidriger Inhalte zu verhindern. Werden uns Rechtsverletzungen bekannt, werden die externen Links durch uns unverzüglich entfernt.</span></p>
<h4 class="western"><span style="color: #000000;"><u>Urheberrecht</u></span></h4>
<p><span style="color: #000000;"><span style="font-size: small;">Die auf unserer Webseite veröffentlichen Inhalte und Werke unterliegen dem deutschen Urheberrecht (</span><a href="http://www.gesetze-im-internet.de/bundesrecht/urhg/gesamt.pdf" target="_blank" rel="noopener" style="color: #000000;"><span style="font-size: small;">http://www.gesetze-im-internet.de/bundesrecht/urhg/gesamt.pdf</span></a><span style="font-size: small;">) . Die Vervielfältigung, Bearbeitung, Verbreitung und jede Art der Verwertung des geistigen Eigentums in ideeller und materieller Sicht des Urhebers außerhalb der Grenzen des Urheberrechtes bedürfen der vorherigen schriftlichen Zustimmung des jeweiligen Urhebers i.S.d. Urhebergesetzes (</span><a href="http://www.gesetze-im-internet.de/bundesrecht/urhg/gesamt.pdf" target="_blank" rel="noopener" style="color: #000000;"><span style="font-size: small;">http://www.gesetze-im-internet.de/bundesrecht/urhg/gesamt.pdf</span></a> <span style="font-size: small;">). Downloads und Kopien dieser Seite sind nur für den privaten und nicht kommerziellen Gebrauch erlaubt. Sind die Inhalte auf unserer Webseite nicht von uns erstellt worden, sind die Urheberrechte Dritter zu beachten. Die Inhalte Dritter werden als solche kenntlich gemacht. Sollten Sie trotzdem auf eine Urheberrechtsverletzung aufmerksam werden, bitten wir um einen entsprechenden Hinweis. Bei Bekanntwerden von Rechtsverletzungen werde ich derartige Inhalte unverzüglich entfernen.</span></span></p>
<p>&nbsp;</p>
<p>[/et_pb_text][/et_pb_column][/et_pb_row][/et_pb_section]</p>

<p>Impressum Markus Major, M.A. freier Architekt Scheibbser Str. 2/2 71277 Rutesheim Tel.: 0151/62456479 E-Mail: kontakt@major-architektur.de Website: www.major-architektur.de  Ich bin nicht bereit oder verpflichtet, an Streitbeilegungsverfahren vor einer Verbraucherschlichtungsstelle teilzunehmen. USt-IdNr: DE348510564 Realisierung: dieefi GmbH, Heerweg 15 A1, 73770 Denkendorf, www.die-efi.de Quellenangaben für verwendete Bilder @ Grafiken: Wie angegeben oder eigenes Bildmaterial. Haftungsausschluss – Disclaimer: Haftung für Inhalte Alle [&hellip;]</p>
